/3 - 5*v**2 - 12*v + 791. Give p(-7).
-138
Let b(l) = -126*l + 40. Let d(h) = -59*h + 20. Let y(o) = 6*b(o) - 13*d(o). What is y(2)?
2
Let h = 3964 + -3958. Let n be (8/(-14))/((-16)/56). Let y(o) = -o**2 + 2*o + 3*o + n*o - 5*o. Give y(h).
-24
Let a = -5672 + 5664. Let u(p) = 10 + 4*p + 0*p**2 + p**2 + 7*p + 0*p**2. Determine u(a).
-14
Let t = 21 + -14. Let f(j) = -2*j - 5*j**2 + t*j**2 + 1 + 5*j**2 + j**2. Let r(l) = 2*l**2 + 19*l - 32. Let x be r(-11). Give f(x).
7
Let s(c) be the second derivative of c**5/20 + c**4/4 + c**3/6 - 3*c**2/2 + 2*c - 500. Give s(-3).
-6
Let b(a) = a - 5. Let j = 11 + -5. Let f be b(j). Let m(i) = -22*i - i**2 + 21*i - i**2 + 4*i**2 + 439*i**3 - 440*i**3. Give m(f).
0
Let r(g) be the second derivative of -7*g**3/3 + 32*g**2 - 5*g - 120. Determine r(5).
-6
Let v(o) = -88*o + 225*o + o**2 - 67*o - 65*o. Suppose 2*h = -2*h - w - 9, w - 3 = 0. Determine v(h).
-6
Let h(w) = 8*w - 39. Let p be h(5). Suppose i - 5*x - p = -42, -5*i - 145 = 5*x. Let u = i + 34. Let y(v) = v**3 - v**2 - 3*v - 2. Calculate y(u).
7
Let m(w) = -14*w + 1831 - 904 - 18*w**2 - 895 - w**3. Determine m(-17).
-19
Let a(x) = -3*x**2 - 47*x**3 + 49*x**3 - 4*x + 234 - 449 + 214. Suppose 8 = -5*k - 4*z - 31, 4*z = 5*k + 31. Let i = 10 + k. What is a(i)?
14
Let j(l) = 199*l**2 - 198*l**2 - 19 + 60 - 13*l. Give j(10).
11
Let c(x) = -x**3 - 5*x**2 - x + 3. Suppose 8*y - 25 + 33 = 0. Let h be 1/2*y/1*2. Let k be (0 - h)/(-2 + (-63)/(-35)). Give c(k).
8
Let r(a) = a**2 - 4. Let h(q) = q - 4. Suppose 0 = -2*x - 3*c + 4, -c + 4 + 4 = 4*x. Suppose -x*p = -j + 4, -j + 3*j + 2*p = 8. Let w be h(j). Determine r(w).
-4
Let q(d) = d**3 + 112*d**2 - 349*d - 445. Let h be q(-115). Let n(c) be the third derivative of 1/6*c**3 + 0*c + 0 + 1/24*c**4 + h*c**2. Calculate n(5).
6
Let k(m) = -10*m - 34. Let i(s) = -3*s - 8. Let f(a) = -3*i(a) + k(a). Determine f(-11).
1
Let a(f) = -f**3 + f**2 + f - 1. Let i(s) = 4*s**3 - 9*s**2 + 5*s - 4. Let n(p) = -3*a(p) - i(p). Let v = 6097 - 6092. What is n(v)?
-8
Suppose 36 = p - 47*g + 43*g, 0 = -3*p + g + 31. Let n(c) = 11*c - 17. Calculate n(p).
71
Let b(h) = 7*h - 1. Suppose 2*w - 181 = -0*f + f, 169 = 2*w + 3*f. Let k = 93 - w. Suppose -3 = j - k. Calculate b(j).
6
Let n(j) be the first derivative of -j**2/2 + 12*j + 9404. Determine n(2).
10
Let i(c) = c**2 + 23*c + 79. Let n be i(-4). Suppose -5*l + 15 = 2*k + 3*k, 4*k - 19 = n*l. Let p(w) be the first derivative of w**2/2 + w - 2. Determine p(l).
0
Suppose 4*i = 3*h - 36, 22*i = 21*i - 3*h + 6. Let c(q) = -2*q + 21. What is c(i)?
33
Let q = 17670 - 17652. Let n(z) = -10*z + 75. Calculate n(q).
-105
Let w(a) = -13*a**2 + 29*a + 13. Let b(z) = 3*z**2 - 7*z - 3. Let c(j) = 9*b(j) + 2*w(j). Suppose 0 = f - 2*f + 5. What is c(f)?
-1
Let o(r) = -r**3 + 5*r**2 + 6*r + 3. Let m be 18/(-4)*(-12)/9. Let b be o(m). Let g(l) = -2*l**2 - l**3 + 657 - 653 - 3*l + 5*l**2 - l**2. What is g(b)?
-14
Let w(v) = v**3 + 7*v**2 + 2*v + 2. Suppose 5*d + 105 = 10*d. Let l(y) = -8 - 9 + 39*y - 15*y + y**2 - d*y. Let c be l(-5). What is w(c)?
-12
Let h be -2 - 0 - (2 - 7). Let x(q) = -3 - 4*q + 0 - 1 + h. Let l = -98 - -97. What is x(l)?
3
Let k(f) = 7*f**3 + 9*f**2 + 14*f - 8. Let i(o) = 13*o**3 + 17*o**2 + 27*o - 15. Let j(a) = -8*i(a) + 15*k(a). Calculate j(-4).
-56
Let k(z) = -z**2 + 31*z + 39. Suppose -62*p = 92*p - 4928. What is k(p)?
7
Let x(z) = -16*z**2 + 5*z + 4. Suppose 10*u + 5*h + 40 = 0, 0 = u + 35*h - 37*h - 11. What is x(u)?
-17
Let s(t) = t**3 + 7*t**2 - 4*t + 15. Suppose -13*w + 36 = 84 + 56. Determine s(w).
-17
Let j(h) = -h + 7. Let n(l) = l**3 + 7*l**2 + 10*l + 11. Let s be n(-6). Let k(o) = -2*o**3 - 28*o**2 - 29*o - 31. Let f be k(s). Determine j(f).
-1
Let t(v) be the second derivative of 2*v + 1/6*v**3 + 1 + 1/4*v**4 + v**2 + 3/20*v**5. Let a(g) = -g**3 + g**2 - g - 2. Let u be a(0). What is t(u)?
-12
Let g(u) = 16 - 2*u**2 - 15 - u**3 - 6*u**2. Let j(c) = -c**3 + 37*c**2 + 2*c - 82. Let n be j(37). Give g(n).
1
Let c(s) be the second derivative of s**3/3 - 3*s. Let p = -1235 + 1229. Calculate c(p).
-12
Let o(c) = -60*c**3 + c**2 + 2*c - 2. Let y(z) = 5*z**2 + 53*z + 73. Let l be y(-9). Calculate o(l).
-59
Let c = -45280 - -45323. Let z(p) be the first derivative of 1/4*p**4 + 4/3*p**3 + 0*p**2 - 2*p + c. What is z(-4)?
-2
Let u(w) be the second derivative of w**4/12 - w**3/6 + 3608*w. Let k be 2 + (0 + 1)*-5. What is u(k)?
12
Let b(n) be the first derivative of n**2 + 12*n - 2. Let c(z) = -z**2 - 96*z - 795. Let a be c(-9). Calculate b(a).
-12
Let k = 20 + -20. Let u(w) = w**2 - 9*w - 5. Let j(p) = 4*p - 1. Let f(n) = 2*j(n) + u(n). Calculate f(k).
-7
Let c(y) = 4*y - 135. Let k be c(37). Let p(s) = s**2 - k + 5 + 8*s + 4*s - 11*s. What is p(4)?
12
Let u(p) = -60*p + 35 + 117*p - 55 - p**3 - 61*p + 10*p**2. What is u(10)?
-60
Let o = -261 + 261. Suppose -3*m + 9 = -5*d - 7, -3*m + 8 = -d. Let b(l) = -l - 1. Let s(t) = -t**2 + 3*t + 14. Let z(x) = m*b(x) + s(x). Determine z(o).
12
Let p(d) be the first derivative of 1/3*d**3 + 0*d - 3*d**2 + 24. Let h = -4 + 7. What is p(h)?
-9
Let f(b) be the second derivative of b**6/45 - b**5/120 + 11*b**3/6 - 3*b**2/2 + b - 10. Let t(x) be the second derivative of f(x). What is t(1)?
7
Let a(x) = 2*x**3 - 113*x**2 - 55*x - 111. Let c be a(57). Suppose 3*r + r - 2916 = 0. Let o(l) = -729 + c*l + r. Determine o(2).
6
Let w(p) = -79*p + 6. Let x(j) = 33*j - 2. Let r(u) = 3*w(u) + 7*x(u). Let z = 9 + -14. What is r(z)?
34
Suppose 4 = -73*n + 75*n. Let b(p) = -p**3 + p**2 + 5. Determine b(n).
1
Let n(g) = 5*g**2 + 81*g - 38. Let z(j) = 16*j**2 + 263*j - 115. Let s(x) = 10*n(x) - 3*z(x). Calculate s(-12).
1
Let i(a) = -2*a - 47. Let z(j) = -j - 23. Let u(c) = 2*i(c) - 5*z(c). What is u(-5)?
16
Let j(n) = n + 7. Let k(w) = -20*w - 79. Let c(u) = -7*u - 26. Let s(m) = 8*c(m) - 3*k(m). Let a = 43 + -45. Let l(d) = a*s(d) + 9*j(d). Give l(0).
5
Let v(x) = -x**2 + 47*x + 786. Let o be v(60). Let d(g) = -4*g**2 - 13*g - 1. Let q(t) = -3*t**2 - 12*t. Let i(n) = -4*d(n) + 5*q(n). Determine i(o).
-8
Let m(y) be the third derivative of -7*y**4/24 - 62*y**3/3 + 1641*y**2. Give m(-18).
2
Let c(o) be the second derivative of 1/12*o**4 + 1/2*o**3 + 0 - 7/2*o**2 - 108*o. What is c(-8)?
33
Let d(y) be the first derivative of y**2/2 + 31*y + 120. Determine d(-36).
-5
Let z(l) = -3*l**3 - l. Let g be (10/(-4))/((-270)/(-216)). Determine z(g).
26
Let q(v) = -v**2 - 21*v + 24*v + 55*v - 26*v - 9 - 27*v. What is q(-4)?
-45
Let p = 111 - 63. Suppose 7*y - p = 1. Let r(o) = 18*o - 23*o + o**2 - 3*o - 2. Determine r(y).
-9
Let n(l) = 4*l**2 + 0*l**2 + 4*l**3 - 1 - 3*l**2. Let k be n(1). Let z(s) = 4*s**2 - k - 3*s**2 + 6*s + 10. Calculate z(-6).
6
Let u be (2/(-6))/(-2*5/90). Let k(m) = 2*m**3 + m**2 - 4*m + 1. Let g(f) = 3*f**3 + 3*f**2 - 8*f + 2. Let w(p) = 3*g(p) - 5*k(p). What is w(u)?
-2
Let c(g) be the first derivative of -2*g**3/3 - 49*g**2/2 - 19*g - 7257. Determine c(-21).
128
Let y be (0/(-1))/(8/(-8)). Suppose 6*i + 7 - 25 = y. Let a(p) = -3*p + 0*p - 12*p**2 + i*p. What is a(-1)?
-12
Let p(x) = -x**2 - 5*x - 5. Let s(b) = b**3 + 4*b**2 - 17*b - 29. Let v be s(-6). Suppose 0 = -4*d - 5*n - 16, -3*n = 5*d + 21 - v. Give p(d).
-1
Let t(b) be the third derivative of b**5/15 - 67*b**4/24 - 11*b**3/6 + 3007*b**2. What is t(17)?
6
Let h = -2 - -9. Let r(y) be the first derivative of y**3/3 - 9*y**2/2 + 11*y + 15453. What is r(h)?
-3
Let u(f) = 3*f**3 - f**2 - 5*f + 5. Suppose 5 = -h + g, -3*h = g - 50 + 41. What is u(h)?
2
Let y(h) = 6059*h**3 + 6059*h**3 - 8*h**2 - 3 - 12116*h**3 + 7*h. Determine y(3).
0
Suppose -58*p + 12*p + 25*p + 294 = 0. Let x(n) = n**2 - 10*n - 25. What is x(p)?
31
Let c(z) = -47*z + 86. Let b(f) = -32*f + 69. Let o(j) = 7*b(j) - 5*c(j). Give o(-7).
-24
Let m(a) = 3*a + 3. Let d be -1 - (3/(-1) - (-236)/(-59)). Give m(d).
21
Suppose 0 = -170*f + 49 - 217 + 1528. Let q(p) = -21*p + 102. Give q(f).
-66
Suppose -3*d - l = -11 - 8, -4*d + 2*l = -42. Let t(p) = 41 - 7*p + 11 + d*p - 14. What is t(0)?
38
Let x(l) = 3*l - 5. Let r be (1 - (-2)/(-2)) + 4. Suppose 3*j - 12 = 6*j, -4*j = 5*c - 94. Suppose 0 = f + r*h + 2, -4*f + 0*f - h + c = 0. What is x(f)?
13
Let r be (6/(-7))/((-4)/(-28)). Suppose 4*m - 2*k - 120 = 0, 0 = 5*m + 2*k - 87 - 81